{"id":351,"date":"2023-04-04T22:29:50","date_gmt":"2023-04-04T22:29:50","guid":{"rendered":"https:\/\/pyp.sangua.com.ar\/?page_id=351"},"modified":"2023-06-09T21:04:10","modified_gmt":"2023-06-09T21:04:10","slug":"plastificado-de-pisos","status":"publish","type":"page","link":"https:\/\/pulidoyplastificado.com.ar\/index.php\/plastificado-de-pisos\/","title":{"rendered":"Plastificado"},"content":{"rendered":"\n<meta name=\"description\" content=\"Con 40 a\u00f1os de experiencia, somos expertos en pulido, plastificado, hidrolaqueado y reparaci\u00f3n pisos de madera. Garantizamos calidad en cada trabajo y brindamos asesoramiento t\u00e9cnico personalizado.\">\n\n<div class=\"fusion-title-sc-wrapper\" style=\"background-color:rgba(78, 78, 78, 0.4);\">\n    <div class=\"fusion-title title fusion-title-2 fusion-sep-none fusion-title-center fusion-title-text fusion-title-size-three fusion-border-below-title\" style=\"margin-top:0px;margin-right:0px;margin-bottom:0px;margin-left:0px;\">\n        <h3 class=\"title-heading-center fusion-responsive-typography-calculated\" style=\"margin: 0px; color: rgb(255, 255, 255); font-size: 25px; line-height: 1.2; --fontSize: 38; --typography_sensitivity: 1;\" data-fontsize=\"38\" data-lineheight=\"45.6px\">\n            <img loading=\"lazy\" decoding=\"async\" src=\"https:\/\/pulidoyplastificado.com.ar\/wp-content\/uploads\/2025\/03\/modificacionDeBanerPrecio.png\" alt=\"\" width=\"1200\" height=\"296\" class=\"aligncenter size-full wp-image-488 lazyloaded\" draggable=\"false\" data-ll-status=\"loaded\">\n            <noscript><img loading=\"lazy\" decoding=\"async\" src=\"https:\/\/pulidoyplastificado.com.ar\/wp-content\/uploads\/2023\/10\/CpuntoModificacionDeBanerPrecio.jpg\" alt=\"\" width=\"1200\" height=\"296\" class=\"aligncenter size-full wp-image-488\"><\/noscript> \n            <div style=\"padding: 1%; margin-left: 3%;\"><strong>Llamanos:<\/strong>\n                <ul>\n                    <br>\n                    <li><a href=\"tel:+5491136537442\">15 3653-7442<\/a><\/li>\n                    <li><a href=\"tel:+5491130132808\">15 3013-2808<\/a><\/li>\n                <\/ul>\n            <\/div>\n        <\/h3>\n    <\/div>\n<\/div>\n<br><br>\n<br><br>\n\n\n\n<h2><strong>Plastificado<\/strong><\/h2>\n\n<style>\n    .entry-title\n    {\n    display: none;\n    }\n    .custom-logo-link\n    {\n       display: none;\n    }\n   .site-description{\n     display: none;\n}\n<\/style>\n\n<div class=\"post-content\">\n    <p>El <a href=\"https:\/\/pulidoyplastificado.com.ar\/index.php\/plastificado-de-pisos\/#plastificado-de-pisos-de-madera\"><span>plastificado de pisos<\/span><\/a> le da un aspecto brilloso, con car\u00e1cter y belleza, adem\u00e1s lo protege no solo de las manchas que pueden darse en el d\u00eda a d\u00eda, sino que tambi\u00e9n del tr\u00e1nsito y tiene una gran duraci\u00f3n. Para que el piso plastificado sea correcto, debe utilizarse laca al solvente de calidad, es por eso que nuestra empresa es una de las m\u00e1s solicitadas, tenemos una amplia trayectoria y utilizamos no solo materiales de primera calidad, sino maquinaria de \u00faltima tecnolog\u00eda, y nuestros trabajadores est\u00e1n correctamente capacitados para realizar el proceso.<\/p>\n    \n    <h3 id=\"solicitar-plastificado\"><strong><em><span>\u00bfC\u00f3mo solicitar el servicio de Plastificado Pisos?<\/span><\/em><\/strong><\/h3>\n    \n    <p>Si quieres obtener el servicio de plastificado de piso de nuestra empresa, el proceso es muy sencillo.<\/p>\n    \n    <p><em>Paso 1: <\/em>El primer paso es comunicarte con nosotros mediante llamada telef\u00f3nica, correo electr\u00f3nico o formulario de contacto de la web.<\/p>\n    \n    <p><em>Paso 2: <\/em>El segundo paso consiste en brindar las indicaciones al representante con el que estas comunicado para que pueda darte el presupuesto correcto.<\/p>\n    \n    <p><em>Paso 3: <\/em>El tercer paso es concretar una cita, en un d\u00eda y horario que puedas permanecer en tu domicilio.<\/p>\n    \n    <p><em>Paso 4: <\/em>El \u00faltimo paso es recibir al equipo de trabajadores en tu domicilio para que completen el plastificado de piso.<\/p>\n    \n    <h3 id=\"precio-plastificado\"><strong><em><span>Plastificado de Pisos Precio<\/span><\/em><\/strong><\/h3>\n    \n    <p>Lo primero que te diremos es que nuestra empresa es pionera en el servicio de plastificado de pisos, tenemos una amplia trayectoria y experiencia, trabajando tanto con maquinarias y materiales de primera calidad, como con profesionales altamente capacitados para completar el servicio.<\/p><p>En cuanto a los plastificados de pisos de madera precios, tenemos que decir que son personalizables y var\u00edan de un cliente al otro, por los factores individuales de cada uno, sin embargo podemos decirte que manejamos los presupuestos m\u00e1s bajos y competitivos que puedes encontrar en el mercado; lo que establece una relaci\u00f3n perfecta entre la calidad y el piso plastificado precios.<\/p><p>Hay varios factores que pueden modificar y variar el precio del trabajo, incluyendo:<\/p>\n    <ul>\n        <li>El tama\u00f1o de la habitaci\u00f3n en la que se desea plastificar el piso.<\/li>\n        <li>El estado de la superficie.<\/li>\n        <li>Los trabajos previos realizados y la preparaci\u00f3n del piso. Aqu\u00ed se incluye el trabajo de <a href=\"https:\/\/www.pulidoyplastificado.com.ar\/\"><span >pulido y plastificado<\/span><\/a>. Para poder realizar el plastificado, es necesario que se haya pulido el piso, por lo que en el caso de que no est\u00e9 hecho, se deber\u00e1n realizar ambos trabajos.<\/li>\n        <li>El acabado que deseas para el piso, por ejemplo: brilloso, semi mate, mate, imitaci\u00f3n de hidrolaqueado, etc.<\/li>\n        <li>Espacios adicionales: como pueden ser pasillos, muebles, escaleras, z\u00f3calos, etc.<\/li>\n    <\/ul>\n    <p><strong><span>Pisos Plastificados Precios: Tama\u00f1o de la Superficie<\/span><\/strong><\/p>\n    \n    <p>Para poder obtener un estimativo de los plastificados pisos precios, el factor m\u00e1s importante es el del tama\u00f1o de la superficie a plastificar. Para poder tomar las medidas adecuadamente, debes tener en cuenta:<\/p>\n    <ul>\n        <li>El tama\u00f1o del piso se calcula en metros cuadrados, multiplicando el ancho por el largo.<\/li>\n        <li>Las escaleras se calculan 1 metro cuadrado por escal\u00f3n.<\/li>\n        <li>Los z\u00f3calos se miden en metros lineales sin descontar las aberturas.<\/li>\n        <li>Para el caso de los pasillos, se miden en metros cuadrados, con un m\u00ednimo de 1 metro cuadrado.<\/li>\n        <li>El tama\u00f1o final es la suma de todas las medidas.<\/li>\n    <\/ul>\n    \n    <p><strong><em><span>Plastificados de Pisos Precios: \u00bfC\u00f3mo pedir un presupuesto?<\/span><\/em><\/strong><\/p>\n    \n    <p>Cuando hayas tomado las medidas de toda la superficie a plastificar, debes comunicarte con nosotros mediante llamada telef\u00f3nica, el apartado de contacto de la web o enviando un correo electr\u00f3nico, a nuestros representantes debes informarles:<\/p>\n    \n    <ul>\n        <li>El tama\u00f1o de la superficie a plastificar.<\/li>\n        <li>Si se necesita realizar un pulido o si ya est\u00e1 completo.<\/li>\n        <li>Si se debes reemplazar maderas.<\/li>\n    <\/ul>\n    \n    <p>Con esta informaci\u00f3n, el representante te informar\u00e1 el presupuesto adecuado, y puedes en ese momento solicitar una cita para que nuestros profesionales puedan completar el trabajo cuando lo desees.<\/p>\n<\/div>\n    \n    <h2 id=\"plastificado-de-pisos-de-madera\">Plastificado de Pisos de Madera<\/h2>\n    \n    <img decoding=\"async\" src=\"https:\/\/pulidoyplastificado.com.ar\/wp-content\/uploads\/2023\/04\/plastificado-scaled.jpg\" alt=\"plastificado-de-pisos-de-madera\">\n\n    <p>Al plastificar pisos de madera, utilizamos poliuretano al solvente, mediante tres capas de aplicaci\u00f3n para obtener un espesor con un m\u00ednimo de 140 micras, mediante la laca de acero preparada para el alto tr\u00e1nsito, que contiene aditivos especiales como tefl\u00f3n y siliconas. Adem\u00e1s incluimos un plastificado especial con laca al solvente que imita la terminaci\u00f3n del hidrolaqueado.<\/p>\n    \n    <p id=\"Ventajas\" >Las caracter\u00edsticas que poseen los plastificados de pisos de madera son:<\/p>\n    \n    <ul>\n        <li>Es un producto que resulta r\u00edgido, y duro.<\/li>\n        <li>La duraci\u00f3n del producto es de aproximadamente 10 a\u00f1os.<\/li>\n        <li>El color de la madera se vuelve acaramelado, aunque puede cambiar dicho color con el proceso de te\u00f1ido.<\/li>\n        <li>Las terminaciones que ofrecemos son brillosa, semi mate o mate.<\/li>\n        <li>El olor puede resultar intenso por lo que se debe dejar el espacio con ventilaci\u00f3n.<\/li>\n        <li>El proceso de secado debe ser de entre 24 horas antes de comenzar a transitarlo.<\/li>\n        <li>Nuestros trabajos de plastificado de pisos de madera poseen garant\u00eda escrita.<\/li>\n    <\/ul>\n    \n    <h1><span>\u00bfC\u00f3mo Plastificar un Piso de Madera?<\/span><\/h1>\n    \n    <p>Como dijimos anteriormente, el proceso debe realizarse con los productos para plastificar pisos de madera adecuados y con profesionales que est\u00e9n capacitados para hacerlo. Te resumiremos la forma en la que nosotros trabajamos para que veas como plastificar un piso con nuestra empresa:<\/p>\n    \n    <ol>\n        <li>El primer paso que utilizamos es preparar el piso para comenzar el plastificado, quitar el mobiliario que haya quedado y preparar la madera. Recuerda, de todas formas que antes de la llegada de los trabajadores debes liberar la habitaci\u00f3n donde se realizar\u00e1 el trabajo.<\/li>\n        <li>El segundo paso ser\u00e1 el pulido, sabemos que para poder plastificar el piso es necesario que est\u00e9 pulido con un acabado parejo, nivelado y suave. Para lo que utilizamos una m\u00e1quina orbital y rasqueta para eliminar cada una de las imperfecciones.<\/li>\n        <li>En el caso de que haya maderas que est\u00e9n manchadas de humedad o marcas que no pueden sacarse, las maderas las reemplazaremos inmediatamente. En este paso tambi\u00e9n incluimos el sellado de las aberturas de la madera con selladores de primera calidad, y el te\u00f1ido de la madera, en el caso de que el cliente requiera un color diferente al que resultar\u00e1 finalmente.<\/li>\n        <li>En el \u00faltimo paso consiste dar las tres manos de laca al solvente utilizada en el plastificado del piso, entre cada una de las manos, se lijar\u00e1n a mano las imperfecciones que puedan resultar para perfeccionar el resultado, recuerda que t\u00fa mismo puedes elegir el acabado: brilloso, semimate o mate.<\/li>\n    <\/ol>\n    <p>Una vez que el trabajo est\u00e9 realizado, no debes utilizar la habitaci\u00f3n en un m\u00ednimo de entre&nbsp; 24 y 48 horas para que el piso pueda reposar y completar el secado.<\/p>\n    <p>&nbsp;<\/p>\n\n\n\n<br><br>\n<div style=\"font-size: 1em;\">\n    <p>Ofrecemos nuestros servicios en:<\/p>\n    <ul>\n        <li><a href=\"https:\/\/pulidoyplastificado.com.ar\/index.php\/pulido-y-plastificado-caballito\">Pulido y Plastificado en Caballito<\/a><\/li>\n        <li><a href=\"https:\/\/pulidoyplastificado.com.ar\/index.php\/pulido-y-plastificado-velez-sarsfield\">Pulido y Plastificado en Velez Sarsfield<\/a><\/li>\n        <li><a href=\"https:\/\/pulidoyplastificado.com.ar\/index.php\/pulido-y-plastificado-boedo\">Pulido y Plastificado en Boedo<\/a><\/li>\n        <li><a href=\"https:\/\/pulidoyplastificado.com.ar\/index.php\/pulido-y-plastificado-chacarita\">Pulido y Plastificado en Chacarita<\/a><\/li>\n        <li><a href=\"https:\/\/pulidoyplastificado.com.ar\/index.php\/pulido-y-plastificado-floresta\">Pulido y Plastificado en floresta<\/a><\/li>    \n        <li><a href=\"https:\/\/pulidoyplastificado.com.ar\/index.php\/pulido-y-plastificado-villa-santa-rita\">Pulido y Plastificado en Villa Santa Rita<\/a><\/li>\n        <li><a href=\"https:\/\/pulidoyplastificado.com.ar\/index.php\/pulido-y-plastificado-mataderos\">Pulido y Plastificado en Mataderos<\/a><\/li>\n        <li><a href=\"https:\/\/pulidoyplastificado.com.ar\/index.php\/pulido-y-plastificado-villa-riachuelo\">Pulido y Plastificado en Villa Riachuelo<\/a><\/li>\n        <li><a href=\"https:\/\/pulidoyplastificado.com.ar\/index.php\/pulido-y-plastificado-savedra\">Pulido y Plastificado en Savedra<\/a><\/li>\n        <li><a href=\"https:\/\/pulidoyplastificado.com.ar\/index.php\/pulido-y-plastificado-villa-real\">Pulido y Plastificado en Villa Real<\/a><\/li>\n        <li><a href=\"https:\/\/pulidoyplastificado.com.ar\/index.php\/pulido-y-plastificado-villa-soldati\">Pulido y Plastificado en Villa Soldati<\/a><\/li>\n        <li><a href=\"https:\/\/pulidoyplastificado.com.ar\/index.php\/pulido-y-plastificado-villa-pueyrredon\">Pulido y Plastificado en Villa Pueyrredon<\/a><\/li>\n        <li><a href=\"https:\/\/pulidoyplastificado.com.ar\/index.php\/pulido-y-plastificado-villa-ortuzar\">Pulido y Plastificado en Villa Ortuzar<\/a><\/li>\n        <li><a href=\"https:\/\/pulidoyplastificado.com.ar\/index.php\/pulido-y-plastificado-villa-lugano\">Pulido y Plastificado en Villa Lugano<\/a><\/li>\n        <li><a href=\"https:\/\/pulidoyplastificado.com.ar\/index.php\/pulido-y-plastificado-villa-general-mitre\">Pulido y Plastificado en Villa General Mitre<\/a><\/li>\n        <li><a href=\"https:\/\/pulidoyplastificado.com.ar\/index.php\/pulido-y-plastificado-versalles\">Pulido y Plastificado en Versalles<\/a><\/li>\n        <li><a href=\"https:\/\/pulidoyplastificado.com.ar\/index.php\/pulido-y-plastificado-san-nicolas\">Pulido y Plastificado en San Nicolas<\/a><\/li>\n        <li><a href=\"https:\/\/pulidoyplastificado.com.ar\/index.php\/pulido-y-plastificado-san-cristobal\">Pulido y Plastificado en San Cristobal<\/a><\/li>\n        <li><a href=\"https:\/\/pulidoyplastificado.com.ar\/index.php\/pulido-y-plastificado-puerto-madero\">Pulido y Plastificado en Puerto Madero<\/a><\/li>\n        <li><a href=\"https:\/\/pulidoyplastificado.com.ar\/index.php\/pulido-y-plastificado-parque-patricios\">Pulido y Plastificado en Parque Patricios<\/a><\/li>\n<li><a href=\"https:\/\/pulidoyplastificado.com.ar\/index.php\/pulido-y-plastificado-parque-chas\">Pulido y Plastificado en Parque Chas<\/a><\/li>\n        <li><a href=\"https:\/\/pulidoyplastificado.com.ar\/index.php\/pulido-y-plastificado-parque-chacabuco\">Pulido y Plastificado en Parque Chacabuco<\/a><\/li>\n        <li><a href=\"https:\/\/pulidoyplastificado.com.ar\/index.php\/pulido-y-plastificado-parque-avellaneda\">Pulido y Plastificado en Parque Avellaneda<\/a><\/li>\n        <li><a href=\"https:\/\/pulidoyplastificado.com.ar\/index.php\/pulido-y-plastificado-nueva-pompeya\">Pulido y Plastificado en Nueva Pompeya<\/a><\/li>\n        <li><a href=\"https:\/\/pulidoyplastificado.com.ar\/index.php\/pulido-y-plastificado-la-paternal\">Pulido y Plastificado en La Paternal<\/a><\/li>\n        <li><a href=\"https:\/\/pulidoyplastificado.com.ar\/index.php\/pulido-y-plastificado-constitucion\">Pulido y Plastificado en Constituci\u00f3n<\/a><\/li>\n        <li><a href=\"https:\/\/pulidoyplastificado.com.ar\/index.php\/pulido-y-plastificado-la-boca\">Pulido y Plastificado en La Boca<\/a><\/li>\n        <li><a href=\"https:\/\/pulidoyplastificado.com.ar\/index.php\/pulido-y-plastificado-coghlan\">Pulido y Plastificado en Coghlan<\/a><\/li>\n        <li><a href=\"https:\/\/pulidoyplastificado.com.ar\/index.php\/pulido-y-plastificado-agronomia\">Pulido y Plastificado en Agronom\u00eda<\/a><\/li>\n        <li><a href=\"https:\/\/pulidoyplastificado.com.ar\/index.php\/pulido-y-plastificado-monte-castro\">Pulido y Plastificado en Monte Castro<\/a><\/li>\n        <li><a href=\"https:\/\/pulidoyplastificado.com.ar\/index.php\/pulido-y-plastificado-liniers\">Pulido y Plastificado en Liniers<\/a><\/li>\n        <li><a href=\"https:\/\/pulidoyplastificado.com.ar\/index.php\/pulido-y-plastificado-montserrat\">Pulido y Plastificado en Montserrat<\/a><\/li>\n        <li><a href=\"https:\/\/pulidoyplastificado.com.ar\/index.php\/pulido-y-plastificado-chacarita\">Pulido y Plastificado en Chacarita<\/a><\/li>\n        <li><a href=\"https:\/\/pulidoyplastificado.com.ar\/index.php\/pulido-y-plastificado-villa-luro\">Pulido y Plastificado en Villa Luro<\/a><\/li>\n<li><a href=\"https:\/\/pulidoyplastificado.com.ar\/index.php\/pulido-y-plastificado-villa-urquiza\">Pulido y Plastificado en Villa Urquiza<\/a><\/li>\n        <li><a href=\"https:\/\/pulidoyplastificado.com.ar\/index.php\/pulido-y-plastificado-belgrano\">Pulido y Plastificado en Belgrano<\/a><\/li>\n        <li><a href=\"https:\/\/pulidoyplastificado.com.ar\/index.php\/pulido-y-plastificado-colegiales\">Pulido y Plastificado en Colegiales<\/a><\/li>\n        <li><a href=\"https:\/\/pulidoyplastificado.com.ar\/index.php\/pulido-y-plastificado-nunez\">Pulido y Plastificado en N\u00fa\u00f1ez<\/a><\/li>\n        <li><a href=\"https:\/\/pulidoyplastificado.com.ar\/index.php\/pulido-y-plastificado-palermo\">Pulido y Plastificado en Palermo<\/a><\/li>\n        <li><a href=\"https:\/\/pulidoyplastificado.com.ar\/index.php\/pulido-y-plastificado-recoleta\">Pulido y Plastificado en Recoleta<\/a><\/li>\n        <li><a href=\"https:\/\/pulidoyplastificado.com.ar\/index.php\/pulido-y-plastificado-san-telmo\">Pulido y Plastificado en San Telmo<\/a><\/li>\n        <li><a href=\"https:\/\/pulidoyplastificado.com.ar\/index.php\/pulido-y-plastificado-retiro\">Pulido y Plastificado en Retiro<\/a><\/li>\n        <li><a href=\"https:\/\/pulidoyplastificado.com.ar\/index.php\/pulido-y-plastificado-congreso\">Pulido y Plastificado en Congreso<\/a><\/li>\n        <li><a href=\"https:\/\/pulidoyplastificado.com.ar\/index.php\/pulido-y-plastificado-monserrat\">Pulido y Plastificado en Monserrat<\/a><\/li>\n        <li><a href=\"https:\/\/pulidoyplastificado.com.ar\/index.php\/pulido-y-plastificado-san-nicolas\">Pulido y Plastificado en San Nicol\u00e1s<\/a><\/li>\n    <\/ul>\n<\/div>\n\n\n\n<br>\n<hr>\n<br><br><br>\n<img decoding=\"async\" src=\"https:\/\/pulidoyplastificado.com.ar\/wp-content\/uploads\/2023\/06\/1.jpg\" alt=\"marcas\">\n\n","protected":false},"excerpt":{"rendered":"","protected":false},"author":1,"featured_media":0,"parent":0,"menu_order":0,"comment_status":"closed","ping_status":"closed","template":"","meta":{"_joinchat":[],"footnotes":""},"class_list":["post-351","page","type-page","status-publish","hentry"],"yoast_head":"<!-- This site is optimized with the Yoast SEO plugin v27.1.1 - https:\/\/yoast.com\/product\/yoast-seo-wordpress\/ -->\n<title>Plastificado -<\/title>\n<meta name=\"robots\" content=\"index, follow, max-snippet:-1, max-image-preview:large, max-video-preview:-1\" \/>\n<link rel=\"canonical\" href=\"https:\/\/pulidoyplastificado.com.ar\/index.php\/plastificado-de-pisos\/\" \/>\n<meta property=\"og:locale\" content=\"en_US\" \/>\n<meta property=\"og:type\" content=\"article\" \/>\n<meta property=\"og:title\" content=\"Plastificado -\" \/>\n<meta property=\"og:url\" content=\"https:\/\/pulidoyplastificado.com.ar\/index.php\/plastificado-de-pisos\/\" \/>\n<meta property=\"article:publisher\" content=\"https:\/\/www.facebook.com\/profile.php?id=100069859611878\" \/>\n<meta property=\"article:modified_time\" content=\"2023-06-09T21:04:10+00:00\" \/>\n<meta property=\"og:image\" content=\"https:\/\/pulidoyplastificado.com.ar\/wp-content\/uploads\/2023\/05\/IMG_20210823_202639_122-e1684359984509.webp\" \/>\n\t<meta property=\"og:image:width\" content=\"482\" \/>\n\t<meta property=\"og:image:height\" content=\"296\" \/>\n\t<meta property=\"og:image:type\" content=\"image\/webp\" \/>\n<meta name=\"twitter:card\" content=\"summary_large_image\" \/>\n<script type=\"application\/ld+json\" class=\"yoast-schema-graph\">{\"@context\":\"https:\/\/schema.org\",\"@graph\":[{\"@type\":\"WebPage\",\"@id\":\"https:\/\/pulidoyplastificado.com.ar\/index.php\/plastificado-de-pisos\/\",\"url\":\"https:\/\/pulidoyplastificado.com.ar\/index.php\/plastificado-de-pisos\/\",\"name\":\"Plastificado -\",\"isPartOf\":{\"@id\":\"https:\/\/pulidoyplastificado.com.ar\/#website\"},\"datePublished\":\"2023-04-04T22:29:50+00:00\",\"dateModified\":\"2023-06-09T21:04:10+00:00\",\"breadcrumb\":{\"@id\":\"https:\/\/pulidoyplastificado.com.ar\/index.php\/plastificado-de-pisos\/#breadcrumb\"},\"inLanguage\":\"en-US\",\"potentialAction\":[{\"@type\":\"ReadAction\",\"target\":[\"https:\/\/pulidoyplastificado.com.ar\/index.php\/plastificado-de-pisos\/\"]}]},{\"@type\":\"BreadcrumbList\",\"@id\":\"https:\/\/pulidoyplastificado.com.ar\/index.php\/plastificado-de-pisos\/#breadcrumb\",\"itemListElement\":[{\"@type\":\"ListItem\",\"position\":1,\"name\":\"Portada\",\"item\":\"https:\/\/pulidoyplastificado.com.ar\/\"},{\"@type\":\"ListItem\",\"position\":2,\"name\":\"Plastificado\"}]},{\"@type\":\"WebSite\",\"@id\":\"https:\/\/pulidoyplastificado.com.ar\/#website\",\"url\":\"https:\/\/pulidoyplastificado.com.ar\/\",\"name\":\"Pulido y Plastificado\",\"description\":\"Con 40 a\u00f1os de experiencia, somos expertos en pulido, plastificado, hidrolaqueado y reparaci\u00f3n pisos de madera. Garantizamos calidad en cada trabajo y brindamos asesoramiento t\u00e9cnico personalizado.\",\"publisher\":{\"@id\":\"https:\/\/pulidoyplastificado.com.ar\/#organization\"},\"alternateName\":\"PP\",\"potentialAction\":[{\"@type\":\"SearchAction\",\"target\":{\"@type\":\"EntryPoint\",\"urlTemplate\":\"https:\/\/pulidoyplastificado.com.ar\/?s={search_term_string}\"},\"query-input\":{\"@type\":\"PropertyValueSpecification\",\"valueRequired\":true,\"valueName\":\"search_term_string\"}}],\"inLanguage\":\"en-US\"},{\"@type\":\"Organization\",\"@id\":\"https:\/\/pulidoyplastificado.com.ar\/#organization\",\"name\":\"Pulido y Plastificado\",\"alternateName\":\"PP\",\"url\":\"https:\/\/pulidoyplastificado.com.ar\/\",\"logo\":{\"@type\":\"ImageObject\",\"inLanguage\":\"en-US\",\"@id\":\"https:\/\/pulidoyplastificado.com.ar\/#\/schema\/logo\/image\/\",\"url\":\"https:\/\/pulidoyplastificado.com.ar\/wp-content\/uploads\/2023\/05\/307372332_389450333393617_1749893126959261684_n.jpg\",\"contentUrl\":\"https:\/\/pulidoyplastificado.com.ar\/wp-content\/uploads\/2023\/05\/307372332_389450333393617_1749893126959261684_n.jpg\",\"width\":650,\"height\":650,\"caption\":\"Pulido y Plastificado\"},\"image\":{\"@id\":\"https:\/\/pulidoyplastificado.com.ar\/#\/schema\/logo\/image\/\"},\"sameAs\":[\"https:\/\/www.facebook.com\/profile.php?id=100069859611878\",\"https:\/\/ar.pinterest.com\/plastificado\/instapaper\/\"]}]}<\/script>\n<!-- \/ Yoast SEO plugin. -->","yoast_head_json":{"title":"Plastificado -","robots":{"index":"index","follow":"follow","max-snippet":"max-snippet:-1","max-image-preview":"max-image-preview:large","max-video-preview":"max-video-preview:-1"},"canonical":"https:\/\/pulidoyplastificado.com.ar\/index.php\/plastificado-de-pisos\/","og_locale":"en_US","og_type":"article","og_title":"Plastificado -","og_url":"https:\/\/pulidoyplastificado.com.ar\/index.php\/plastificado-de-pisos\/","article_publisher":"https:\/\/www.facebook.com\/profile.php?id=100069859611878","article_modified_time":"2023-06-09T21:04:10+00:00","og_image":[{"width":482,"height":296,"url":"https:\/\/pulidoyplastificado.com.ar\/wp-content\/uploads\/2023\/05\/IMG_20210823_202639_122-e1684359984509.webp","type":"image\/webp"}],"twitter_card":"summary_large_image","schema":{"@context":"https:\/\/schema.org","@graph":[{"@type":"WebPage","@id":"https:\/\/pulidoyplastificado.com.ar\/index.php\/plastificado-de-pisos\/","url":"https:\/\/pulidoyplastificado.com.ar\/index.php\/plastificado-de-pisos\/","name":"Plastificado -","isPartOf":{"@id":"https:\/\/pulidoyplastificado.com.ar\/#website"},"datePublished":"2023-04-04T22:29:50+00:00","dateModified":"2023-06-09T21:04:10+00:00","breadcrumb":{"@id":"https:\/\/pulidoyplastificado.com.ar\/index.php\/plastificado-de-pisos\/#breadcrumb"},"inLanguage":"en-US","potentialAction":[{"@type":"ReadAction","target":["https:\/\/pulidoyplastificado.com.ar\/index.php\/plastificado-de-pisos\/"]}]},{"@type":"BreadcrumbList","@id":"https:\/\/pulidoyplastificado.com.ar\/index.php\/plastificado-de-pisos\/#breadcrumb","itemListElement":[{"@type":"ListItem","position":1,"name":"Portada","item":"https:\/\/pulidoyplastificado.com.ar\/"},{"@type":"ListItem","position":2,"name":"Plastificado"}]},{"@type":"WebSite","@id":"https:\/\/pulidoyplastificado.com.ar\/#website","url":"https:\/\/pulidoyplastificado.com.ar\/","name":"Pulido y Plastificado","description":"Con 40 a\u00f1os de experiencia, somos expertos en pulido, plastificado, hidrolaqueado y reparaci\u00f3n pisos de madera. Garantizamos calidad en cada trabajo y brindamos asesoramiento t\u00e9cnico personalizado.","publisher":{"@id":"https:\/\/pulidoyplastificado.com.ar\/#organization"},"alternateName":"PP","potentialAction":[{"@type":"SearchAction","target":{"@type":"EntryPoint","urlTemplate":"https:\/\/pulidoyplastificado.com.ar\/?s={search_term_string}"},"query-input":{"@type":"PropertyValueSpecification","valueRequired":true,"valueName":"search_term_string"}}],"inLanguage":"en-US"},{"@type":"Organization","@id":"https:\/\/pulidoyplastificado.com.ar\/#organization","name":"Pulido y Plastificado","alternateName":"PP","url":"https:\/\/pulidoyplastificado.com.ar\/","logo":{"@type":"ImageObject","inLanguage":"en-US","@id":"https:\/\/pulidoyplastificado.com.ar\/#\/schema\/logo\/image\/","url":"https:\/\/pulidoyplastificado.com.ar\/wp-content\/uploads\/2023\/05\/307372332_389450333393617_1749893126959261684_n.jpg","contentUrl":"https:\/\/pulidoyplastificado.com.ar\/wp-content\/uploads\/2023\/05\/307372332_389450333393617_1749893126959261684_n.jpg","width":650,"height":650,"caption":"Pulido y Plastificado"},"image":{"@id":"https:\/\/pulidoyplastificado.com.ar\/#\/schema\/logo\/image\/"},"sameAs":["https:\/\/www.facebook.com\/profile.php?id=100069859611878","https:\/\/ar.pinterest.com\/plastificado\/instapaper\/"]}]}},"_links":{"self":[{"href":"https:\/\/pulidoyplastificado.com.ar\/index.php\/wp-json\/wp\/v2\/pages\/351","targetHints":{"allow":["GET"]}}],"collection":[{"href":"https:\/\/pulidoyplastificado.com.ar\/index.php\/wp-json\/wp\/v2\/pages"}],"about":[{"href":"https:\/\/pulidoyplastificado.com.ar\/index.php\/wp-json\/wp\/v2\/types\/page"}],"author":[{"embeddable":true,"href":"https:\/\/pulidoyplastificado.com.ar\/index.php\/wp-json\/wp\/v2\/users\/1"}],"replies":[{"embeddable":true,"href":"https:\/\/pulidoyplastificado.com.ar\/index.php\/wp-json\/wp\/v2\/comments?post=351"}],"version-history":[{"count":21,"href":"https:\/\/pulidoyplastificado.com.ar\/index.php\/wp-json\/wp\/v2\/pages\/351\/revisions"}],"predecessor-version":[{"id":1367,"href":"https:\/\/pulidoyplastificado.com.ar\/index.php\/wp-json\/wp\/v2\/pages\/351\/revisions\/1367"}],"wp:attachment":[{"href":"https:\/\/pulidoyplastificado.com.ar\/index.php\/wp-json\/wp\/v2\/media?parent=351"}],"curies":[{"name":"wp","href":"https:\/\/api.w.org\/{rel}","templated":true}]}}